{"id":2542,"date":"2024-03-29T08:46:56","date_gmt":"2024-03-29T06:46:56","guid":{"rendered":"https:\/\/sfpkyrkslatt.fi\/?page_id=2542"},"modified":"2024-03-29T08:50:43","modified_gmt":"2024-03-29T06:50:43","slug":"eu-val-2024","status":"publish","type":"page","link":"https:\/\/sfpkyrkslatt.fi\/index.php\/eu-val-2024\/","title":{"rendered":"EU-val 2024"},"content":{"rendered":"<p>Vi g\u00e5r mot Europaparlamentsval, vilket h\u00e5lls 9 juni 2024. Du kan l\u00e4sa mera om <a href=\"https:\/\/val.sfp.fi\/\">SFPs valprogram och kandidater h\u00e4r<\/a>.<\/p>\n<p><span style=\"text-decoration: underline;\"><strong>SFP vill<\/strong><\/span><\/p>\n<ul>\n<li aria-level=\"1\">att Finland \u00e4r en proaktiv och konstruktiv akt\u00f6r inom EU som aktivt driver nationens intressen<\/li>\n<li aria-level=\"1\">att alla medlemsl\u00e4nder f\u00f6rbinder sig till EU:s gemensamma v\u00e4rdegrund och r\u00e4ttsstatsprincipen<\/li>\n<li aria-level=\"1\">att EU:s \u00e5rliga granskning och rapport om r\u00e4ttsstatsprincipen utvecklas<\/li>\n<li aria-level=\"1\">att EU ingriper n\u00e4r medlemsl\u00e4nder stiftar lagar som bryter mot m\u00e4nskliga r\u00e4ttigheter eller r\u00e4ttsstatsprincipen, genom att strypa EU-st\u00f6den till dessa l\u00e4nder<\/li>\n<li aria-level=\"1\">att EU respekterar de spr\u00e5kliga och kulturella r\u00e4ttigheterna f\u00f6r EU-medborgare som talar minoritetsspr\u00e5k eller regionala spr\u00e5k<\/li>\n<li aria-level=\"1\">att arbetet f\u00f6r j\u00e4mst\u00e4lldhet intensifieras och beaktas i allt beslutsfattande<\/li>\n<li aria-level=\"1\">att EU st\u00e4rker sitt arbete mot all slags v\u00e5ld mot kvinnor och flickor<\/li>\n<li aria-level=\"1\">att EU bek\u00e4mpar v\u00e5ld mot kvinnor och flickor med funktionsneds\u00e4ttning och aktivt arbetar f\u00f6r att f\u00f6rbjuda tv\u00e5ngssterilisering<\/li>\n<li aria-level=\"1\">se ett aktivare samarbete mellan de nordiska l\u00e4nderna<\/li>\n<li aria-level=\"1\">att beslutsprocesserna inom alla EU:s institutioner \u00e4r demokratiska, tydliga och transparenta<\/li>\n<li aria-level=\"1\">att arbetet f\u00f6r m\u00e4nskliga r\u00e4ttigheter inom EU st\u00e4rks<\/li>\n<li aria-level=\"1\">s\u00e4kerst\u00e4lla en kontinuerlig dialog mellan medlemsl\u00e4nderna<\/li>\n<li aria-level=\"1\">att Europaparlamentet har sitt permanenta s\u00e4te i Bryssel och att pendlingen till Strasbourg upph\u00f6r<\/li>\n<li aria-level=\"1\">att \u00c5land ges en plats i Europaparlamentet<\/li>\n<li aria-level=\"1\">att ungdomsgarantin utvecklas och implementeras i varje medlemsland<\/li>\n<li aria-level=\"1\">att den europeiska ungdomsstrategin beaktas i beslutsfattandet i EU<\/li>\n<li aria-level=\"1\">att vi slutar flytta klockan tv\u00e5 g\u00e5nger per \u00e5r inom EU<\/li>\n<li aria-level=\"1\">att v\u00e5ldt\u00e4kt definierat utifr\u00e5n bristande samtycke ska vara straffbart i hela EU<\/li>\n<li aria-level=\"1\">att samarbetet mellan Finlands riksdagsledam\u00f6ter och Finlands Europaparlamentariker st\u00e4rks<\/li>\n<li aria-level=\"1\">att r\u00e4tten till abort och sj\u00e4lvbest\u00e4mmander\u00e4tten \u00f6ver den egna sexuella och reproduktiva h\u00e4lsan tryggas<\/li>\n<li aria-level=\"1\">att EU forts\u00e4tter f\u00f6rst\u00e4rka r\u00e4ttigheterna f\u00f6r personer med funktionsneds\u00e4ttning.<\/li>\n<\/ul>\n\n<div class=\"wp-block-image\">\n<figure class=\"aligncenter size-full is-resized\"><img loading=\"lazy\" decoding=\"async\" width=\"768\" height=\"768\" src=\"https:\/\/sfpkyrkslatt.fi\/wp-content\/uploads\/2024\/03\/Budskap5.jpg\" alt=\"\" class=\"wp-image-2545\" style=\"width:345px;height:auto\" srcset=\"https:\/\/sfpkyrkslatt.fi\/wp-content\/uploads\/2024\/03\/Budskap5.jpg 768w, https:\/\/sfpkyrkslatt.fi\/wp-content\/uploads\/2024\/03\/Budskap5-300x300.jpg 300w, https:\/\/sfpkyrkslatt.fi\/wp-content\/uploads\/2024\/03\/Budskap5-150x150.jpg 150w\" sizes=\"auto, (max-width: 768px) 100vw, 768px\" \/><\/figure>\n<\/div>\n\n\n<p class=\"has-text-align-center\"><strong>F\u00f6lj oss p\u00e5 Facebook<\/strong>: <a href=\"https:\/\/www.facebook.com\/SFPiKyrkslatt\/\" target=\"_blank\" rel=\"noreferrer noopener\">https:\/\/www.facebook.com\/SFPiKyrkslatt\/<\/a> <strong>och p\u00e5 Instagram<\/strong> <a href=\"https:\/\/www.instagram.com\/sfp_kyrkslatt\/?hl=fi\">https:\/\/www.instagram.com\/sfp_kyrkslatt\/?hl=fi<\/a><\/p>\n\n\n<div class=\"wp-block-image\">\n<figure class=\"aligncenter size-large is-resized\"><img loading=\"lazy\" decoding=\"async\" width=\"1024\" height=\"302\" src=\"https:\/\/sfpkyrkslatt.fi\/wp-content\/uploads\/2020\/05\/Kyrkslatt1-1-1024x302.png\" alt=\"\" class=\"wp-image-2666\" style=\"width:222px;height:auto\" srcset=\"https:\/\/sfpkyrkslatt.fi\/wp-content\/uploads\/2020\/05\/Kyrkslatt1-1-1024x302.png 1024w, https:\/\/sfpkyrkslatt.fi\/wp-content\/uploads\/2020\/05\/Kyrkslatt1-1-300x88.png 300w, https:\/\/sfpkyrkslatt.fi\/wp-content\/uploads\/2020\/05\/Kyrkslatt1-1-768x226.png 768w, https:\/\/sfpkyrkslatt.fi\/wp-content\/uploads\/2020\/05\/Kyrkslatt1-1-850x250.png 850w, https:\/\/sfpkyrkslatt.fi\/wp-content\/uploads\/2020\/05\/Kyrkslatt1-1.png 1181w\" sizes=\"auto, (max-width: 1024px) 100vw, 1024px\" \/><\/figure>\n<\/div>","protected":false},"excerpt":{"rendered":"<p>Vi g\u00e5r mot Europaparlamentsval, vilket h\u00e5lls 9 juni 2024. Du kan l\u00e4sa mera om SFPs valprogram och kandidater h\u00e4r. SFP vill att Finland \u00e4r en proaktiv och konstruktiv akt\u00f6r inom EU som aktivt driver nationens intressen att alla medlemsl\u00e4nder f\u00f6rbinder sig till EU:s gemensamma v\u00e4rdegrund och r\u00e4ttsstatsprincipen att EU:s \u00e5rliga granskning och rapport om r\u00e4ttsstatsprincipen&#8230;<\/p>\n","protected":false},"author":4,"featured_media":0,"parent":0,"menu_order":0,"comment_status":"closed","ping_status":"closed","template":"","meta":{"footnotes":""},"class_list":["post-2542","page","type-page","status-publish","hentry"],"jetpack_sharing_enabled":true,"_links":{"self":[{"href":"https:\/\/sfpkyrkslatt.fi\/index.php\/wp-json\/wp\/v2\/pages\/2542","targetHints":{"allow":["GET"]}}],"collection":[{"href":"https:\/\/sfpkyrkslatt.fi\/index.php\/wp-json\/wp\/v2\/pages"}],"about":[{"href":"https:\/\/sfpkyrkslatt.fi\/index.php\/wp-json\/wp\/v2\/types\/page"}],"author":[{"embeddable":true,"href":"https:\/\/sfpkyrkslatt.fi\/index.php\/wp-json\/wp\/v2\/users\/4"}],"replies":[{"embeddable":true,"href":"https:\/\/sfpkyrkslatt.fi\/index.php\/wp-json\/wp\/v2\/comments?post=2542"}],"version-history":[{"count":7,"href":"https:\/\/sfpkyrkslatt.fi\/index.php\/wp-json\/wp\/v2\/pages\/2542\/revisions"}],"predecessor-version":[{"id":2552,"href":"https:\/\/sfpkyrkslatt.fi\/index.php\/wp-json\/wp\/v2\/pages\/2542\/revisions\/2552"}],"wp:attachment":[{"href":"https:\/\/sfpkyrkslatt.fi\/index.php\/wp-json\/wp\/v2\/media?parent=2542"}],"curies":[{"name":"wp","href":"https:\/\/api.w.org\/{rel}","templated":true}]}}

<p>Vi går mot Europaparlamentsval, vilket hålls 9 juni 2024. Du kan läsa mera om <a href="https://val.sfp.fi/">SFPs valprogram och kandidater här</a>.</p>
<p><span style="text-decoration: underline;"><strong>SFP vill</strong></span></p>
<ul>
<li aria-level="1">att Finland är en proaktiv och konstruktiv aktör inom EU som aktivt driver nationens intressen</li>
<li aria-level="1">att alla medlemsländer förbinder sig till EU:s gemensamma värdegrund och rättsstatsprincipen</li>
<li aria-level="1">att EU:s årliga granskning och rapport om rättsstatsprincipen utvecklas</li>
<li aria-level="1">att EU ingriper när medlemsländer stiftar lagar som bryter mot mänskliga rättigheter eller rättsstatsprincipen, genom att strypa EU-stöden till dessa länder</li>
<li aria-level="1">att EU respekterar de språkliga och kulturella rättigheterna för EU-medborgare som talar minoritetsspråk eller regionala språk</li>
<li aria-level="1">att arbetet för jämställdhet intensifieras och beaktas i allt beslutsfattande</li>
<li aria-level="1">att EU stärker sitt arbete mot all slags våld mot kvinnor och flickor</li>
<li aria-level="1">att EU bekämpar våld mot kvinnor och flickor med funktionsnedsättning och aktivt arbetar för att förbjuda tvångssterilisering</li>
<li aria-level="1">se ett aktivare samarbete mellan de nordiska länderna</li>
<li aria-level="1">att beslutsprocesserna inom alla EU:s institutioner är demokratiska, tydliga och transparenta</li>
<li aria-level="1">att arbetet för mänskliga rättigheter inom EU stärks</li>
<li aria-level="1">säkerställa en kontinuerlig dialog mellan medlemsländerna</li>
<li aria-level="1">att Europaparlamentet har sitt permanenta säte i Bryssel och att pendlingen till Strasbourg upphör</li>
<li aria-level="1">att Åland ges en plats i Europaparlamentet</li>
<li aria-level="1">att ungdomsgarantin utvecklas och implementeras i varje medlemsland</li>
<li aria-level="1">att den europeiska ungdomsstrategin beaktas i beslutsfattandet i EU</li>
<li aria-level="1">att vi slutar flytta klockan två gånger per år inom EU</li>
<li aria-level="1">att våldtäkt definierat utifrån bristande samtycke ska vara straffbart i hela EU</li>
<li aria-level="1">att samarbetet mellan Finlands riksdagsledamöter och Finlands Europaparlamentariker stärks</li>
<li aria-level="1">att rätten till abort och självbestämmanderätten över den egna sexuella och reproduktiva hälsan tryggas</li>
<li aria-level="1">att EU fortsätter förstärka rättigheterna för personer med funktionsnedsättning.</li>
</ul>

<div class="wp-block-image">
<figure class="aligncenter size-full is-resized"><img loading="lazy" decoding="async" width="768" height="768" src="https://sfpkyrkslatt.fi/wp-content/uploads/2024/03/Budskap5.jpg" alt="" class="wp-image-2545" style="width:345px;height:auto" srcset="https://sfpkyrkslatt.fi/wp-content/uploads/2024/03/Budskap5.jpg 768w, https://sfpkyrkslatt.fi/wp-content/uploads/2024/03/Budskap5-300x300.jpg 300w, https://sfpkyrkslatt.fi/wp-content/uploads/2024/03/Budskap5-150x150.jpg 150w" sizes="auto, (max-width: 768px) 100vw, 768px" /></figure>
</div>


<p class="has-text-align-center"><strong>Följ oss på Facebook</strong>: <a href="https://www.facebook.com/SFPiKyrkslatt/" target="_blank" rel="noreferrer noopener">https://www.facebook.com/SFPiKyrkslatt/</a> <strong>och på Instagram</strong> <a href="https://www.instagram.com/sfp_kyrkslatt/?hl=fi">https://www.instagram.com/sfp_kyrkslatt/?hl=fi</a></p>


<div class="wp-block-image">
<figure class="aligncenter size-large is-resized"><img loading="lazy" decoding="async" width="1024" height="302" src="https://sfpkyrkslatt.fi/wp-content/uploads/2020/05/Kyrkslatt1-1-1024x302.png" alt="" class="wp-image-2666" style="width:222px;height:auto" srcset="https://sfpkyrkslatt.fi/wp-content/uploads/2020/05/Kyrkslatt1-1-1024x302.png 1024w, https://sfpkyrkslatt.fi/wp-content/uploads/2020/05/Kyrkslatt1-1-300x88.png 300w, https://sfpkyrkslatt.fi/wp-content/uploads/2020/05/Kyrkslatt1-1-768x226.png 768w, https://sfpkyrkslatt.fi/wp-content/uploads/2020/05/Kyrkslatt1-1-850x250.png 850w, https://sfpkyrkslatt.fi/wp-content/uploads/2020/05/Kyrkslatt1-1.png 1181w" sizes="auto, (max-width: 1024px) 100vw, 1024px" /></figure>
</div>

<p>Vi går mot Europaparlamentsval, vilket hålls 9 juni 2024. Du kan läsa mera om SFPs valprogram och kandidater här. SFP vill att Finland är en proaktiv och konstruktiv aktör inom EU som aktivt driver nationens intressen att alla medlemsländer förbinder sig till EU:s gemensamma värdegrund och rättsstatsprincipen att EU:s årliga granskning och rapport om rättsstatsprincipen&#8230;</p>
